{"id":2342,"date":"2025-08-12T17:26:46","date_gmt":"2025-08-12T15:26:46","guid":{"rendered":"https:\/\/www.couleuryoga.fr\/?page_id=2342"},"modified":"2025-08-12T17:30:48","modified_gmt":"2025-08-12T15:30:48","slug":"quels-bienfaits-chez-les-enfants","status":"publish","type":"page","link":"https:\/\/www.couleuryoga.fr\/index.php\/quels-bienfaits-chez-les-enfants\/","title":{"rendered":"Quels bienfaits chez les enfants ?"},"content":{"rendered":"\t\t<div data-elementor-type=\"wp-page\" data-elementor-id=\"2342\" class=\"elementor elementor-2342\">\n\t\t\t\t\t\t\t\t\t<section class=\"elementor-section elementor-top-section elementor-element elementor-element-a98251f elementor-section-boxed elementor-section-height-default elementor-section-height-default\" data-id=\"a98251f\" data-element_type=\"section\">\n\t\t\t\t\t\t<div class=\"elementor-container elementor-column-gap-default\">\n\t\t\t\t\t<div class=\"elementor-column elementor-col-100 elementor-top-column elementor-element elementor-element-45b6818\" data-id=\"45b6818\" data-element_type=\"column\">\n\t\t\t<div class=\"elementor-widget-wrap elementor-element-populated\">\n\t\t\t\t\t\t\t\t<div class=\"elementor-element elementor-element-c197dd8 elementor-widget elementor-widget-qi_addons_for_elementor_animated_text\" data-id=\"c197dd8\" data-element_type=\"widget\" data-widget_type=\"qi_addons_for_elementor_animated_text.default\">\n\t\t\t\t<div class=\"elementor-widget-container\">\n\t\t\t<div class=\"qodef-shortcode qodef-m  qodef-qi-animated-text qodef--animated-by-letter qodef--alignment-center qodef-qi--has-appear qodef--appear-fade\" >\n\t\t<h2 class=\"qodef-m-title\">\n\t\t<span class=\"qodef-e-word-holder\">Quels<\/span> <span class=\"qodef-e-word-holder\">bienfaits<\/span> <span class=\"qodef-e-word-holder\">chez<\/span> <span class=\"qodef-e-word-holder\">les<\/span> <span class=\"qodef-e-word-holder\">enfants<\/span> <span class=\"qodef-e-word-holder\">?<\/span>\t<\/h2>\n<\/div>\n\t\t<\/div>\n\t\t\t\t<\/div>\n\t\t\t\t<div class=\"elementor-element elementor-element-9a0e315 elementor-widget elementor-widget-text-editor\" data-id=\"9a0e315\" data-element_type=\"widget\" data-widget_type=\"text-editor.default\">\n\t\t\t\t<div class=\"elementor-widget-container\">\n\t\t\t<style>\/*! elementor - v3.18.0 - 20-12-2023 *\/\n.elementor-widget-text-editor.elementor-drop-cap-view-stacked .elementor-drop-cap{background-color:#69727d;color:#fff}.elementor-widget-text-editor.elementor-drop-cap-view-framed .elementor-drop-cap{color:#69727d;border:3px solid;background-color:transparent}.elementor-widget-text-editor:not(.elementor-drop-cap-view-default) .elementor-drop-cap{margin-top:8px}.elementor-widget-text-editor:not(.elementor-drop-cap-view-default) .elementor-drop-cap-letter{width:1em;height:1em}.elementor-widget-text-editor .elementor-drop-cap{float:left;text-align:center;line-height:1;font-size:50px}.elementor-widget-text-editor .elementor-drop-cap-letter{display:inline-block}<\/style>\t\t\t\t<div id=\"bgLayers_comp-kox1j3fz\" class=\"MW5IWV\" data-hook=\"bgLayers\" data-motion-part=\"BG_LAYER comp-kox1j3fz\"><div id=\"bgMedia_comp-kox1j3fz\" class=\"VgO9Yg\" data-motion-part=\"BG_MEDIA comp-kox1j3fz\"><h3>Quels bienfaits chez les enfants ?<\/h3><p><strong>D\u00e9veloppement physique :<\/strong>\u00a0le yoga aide \u00e0 am\u00e9liorer la force, la flexibilit\u00e9 et l\u2019\u00e9quilibre.<\/p><p><strong>Am\u00e9lioration de la concentration :<\/strong> les exercices de respiration et de relaxation aident\u00a0 \u00e0 se centrer.<\/p><p><strong>Gestion des \u00e9motions :<\/strong> le yoga offre des outils pour aider les enfants \u00e0 comprendre et donc \u00e0 g\u00e9rer leurs \u00e9motions.<\/p><p><strong>Confiance en soi :<\/strong>\u00a0en apprenant et en ma\u00eetrisant de nouvelles postures<\/p><p><strong>Sensibilisation \u00e0 la sant\u00e9 :<\/strong>\u00a0le yoga peut aider \u00e0 inculquer aux enfants une conscience pr\u00e9coce de la sant\u00e9<\/p><p><strong>Comp\u00e9tences sociales :<\/strong>\u00a0les cours de yoga pour enfants favorisent l\u2019interaction et la coop\u00e9ration avec les autres<\/p><p><em><strong><span class=\"wixui-rich-text__text\">Gr\u00e2ce \u00e0 la pratique de l&rsquo;attention sur son Ressenti, le yoga permet d&rsquo;apaiser le mental , afin d&rsquo;\u00eatre \u00e0 l&rsquo;\u00e9coute de son Soi.<\/span><\/strong><\/em><\/p><\/div><\/div><div class=\"\" data-mesh-id=\"comp-kox1j3fzinlineContent\" data-testid=\"inline-content\"><div data-mesh-id=\"comp-kox1j3fzinlineContent-gridContainer\" data-testid=\"mesh-container-content\"><div id=\"comp-kox1j3g5\" class=\"HcOXKn SxM0TO QxJLC3 lq2cno YQcXTT comp-kox1j3g5 wixui-rich-text\" data-testid=\"richTextElement\">\u00a0<\/div><\/div><\/div>\t\t\t\t\t\t<\/div>\n\t\t\t\t<\/div>\n\t\t\t\t\t<\/div>\n\t\t<\/div>\n\t\t\t\t\t\t\t<\/div>\n\t\t<\/section>\n\t\t\t\t\t\t\t<\/div>\n\t\t","protected":false},"excerpt":{"rendered":"<p>Quels bienfaits chez les enfants ? Quels bienfaits chez les enfants ? D\u00e9veloppement physique :\u00a0le yoga aide \u00e0 am\u00e9liorer la force, la flexibilit\u00e9 et l\u2019\u00e9quilibre. Am\u00e9lioration de la concentration : les exercices de respiration et de relaxation aident\u00a0 \u00e0 se centrer. Gestion des \u00e9motions : le yoga offre des outils pour aider les enfants \u00e0 &hellip;<\/p>\n<p class=\"read-more\"> <a class=\"\" href=\"https:\/\/www.couleuryoga.fr\/index.php\/quels-bienfaits-chez-les-enfants\/\"> <span class=\"screen-reader-text\">Quels bienfaits chez les enfants ?<\/span> Lire la suite\u00a0\u00bb<\/a><\/p>\n","protected":false},"author":1,"featured_media":0,"parent":0,"menu_order":0,"comment_status":"closed","ping_status":"closed","template":"","meta":{"site-sidebar-layout":"no-sidebar","site-content-layout":"","ast-site-content-layout":"full-width-container","site-content-style":"default","site-sidebar-style":"default","ast-global-header-display":"","ast-banner-title-visibility":"","ast-main-header-display":"","ast-hfb-above-header-display":"","ast-hfb-below-header-display":"","ast-hfb-mobile-header-display":"","site-post-title":"disabled","ast-breadcrumbs-content":"","ast-featured-img":"disabled","footer-sml-layout":"","theme-transparent-header-meta":"","adv-header-id-meta":"","stick-header-meta":"","header-above-stick-meta":"","header-main-stick-meta":"","header-below-stick-meta":"","astra-migrate-meta-layouts":"","ast-page-background-enabled":"default","ast-page-background-meta":{"desktop":{"background-color":"var(--ast-global-color-4)","background-image":"","background-repeat":"repeat","background-position":"center center","background-size":"auto","background-attachment":"scroll","background-type":"","background-media":"","overlay-type":"","overlay-color":"","overlay-gradient":""},"tablet":{"background-color":"","background-image":"","background-repeat":"repeat","background-position":"center center","background-size":"auto","background-attachment":"scroll","background-type":"","background-media":"","overlay-type":"","overlay-color":"","overlay-gradient":""},"mobile":{"background-color":"","background-image":"","background-repeat":"repeat","background-position":"center center","background-size":"auto","background-attachment":"scroll","background-type":"","background-media":"","overlay-type":"","overlay-color":"","overlay-gradient":""}},"ast-content-background-meta":{"desktop":{"background-color":"var(--ast-global-color-5)","background-image":"","background-repeat":"repeat","background-position":"center center","background-size":"auto","background-attachment":"scroll","background-type":"","background-media":"","overlay-type":"","overlay-color":"","overlay-gradient":""},"tablet":{"background-color":"var(--ast-global-color-5)","background-image":"","background-repeat":"repeat","background-position":"center center","background-size":"auto","background-attachment":"scroll","background-type":"","background-media":"","overlay-type":"","overlay-color":"","overlay-gradient":""},"mobile":{"background-color":"var(--ast-global-color-5)","background-image":"","background-repeat":"repeat","background-position":"center center","background-size":"auto","background-attachment":"scroll","background-type":"","background-media":"","overlay-type":"","overlay-color":"","overlay-gradient":""}},"footnotes":""},"class_list":["post-2342","page","type-page","status-publish","hentry"],"yoast_head":"<!-- This site is optimized with the Yoast SEO plugin v21.7 - https:\/\/yoast.com\/wordpress\/plugins\/seo\/ -->\n<title>Quels bienfaits chez les enfants ? - Couleur yoga<\/title>\n<meta name=\"robots\" content=\"index, follow, max-snippet:-1, max-image-preview:large, max-video-preview:-1\" \/>\n<link rel=\"canonical\" href=\"https:\/\/www.couleuryoga.fr\/index.php\/quels-bienfaits-chez-les-enfants\/\" \/>\n<meta property=\"og:locale\" content=\"fr_FR\" \/>\n<meta property=\"og:type\" content=\"article\" \/>\n<meta property=\"og:title\" content=\"Quels bienfaits chez les enfants ? - Couleur yoga\" \/>\n<meta property=\"og:description\" content=\"Quels bienfaits chez les enfants ? Quels bienfaits chez les enfants ? D\u00e9veloppement physique :\u00a0le yoga aide \u00e0 am\u00e9liorer la force, la flexibilit\u00e9 et l\u2019\u00e9quilibre. Am\u00e9lioration de la concentration : les exercices de respiration et de relaxation aident\u00a0 \u00e0 se centrer. Gestion des \u00e9motions : le yoga offre des outils pour aider les enfants \u00e0 &hellip; Quels bienfaits chez les enfants ? Lire la suite\u00a0\u00bb\" \/>\n<meta property=\"og:url\" content=\"https:\/\/www.couleuryoga.fr\/index.php\/quels-bienfaits-chez-les-enfants\/\" \/>\n<meta property=\"og:site_name\" content=\"Couleur yoga\" \/>\n<meta property=\"article:modified_time\" content=\"2025-08-12T15:30:48+00:00\" \/>\n<meta name=\"twitter:card\" content=\"summary_large_image\" \/>\n<meta name=\"twitter:label1\" content=\"Dur\u00e9e de lecture estim\u00e9e\" \/>\n\t<meta name=\"twitter:data1\" content=\"1 minute\" \/>\n<script type=\"application\/ld+json\" class=\"yoast-schema-graph\">{\"@context\":\"https:\/\/schema.org\",\"@graph\":[{\"@type\":\"WebPage\",\"@id\":\"https:\/\/www.couleuryoga.fr\/index.php\/quels-bienfaits-chez-les-enfants\/\",\"url\":\"https:\/\/www.couleuryoga.fr\/index.php\/quels-bienfaits-chez-les-enfants\/\",\"name\":\"Quels bienfaits chez les enfants ? - Couleur yoga\",\"isPartOf\":{\"@id\":\"https:\/\/www.couleuryoga.fr\/#website\"},\"datePublished\":\"2025-08-12T15:26:46+00:00\",\"dateModified\":\"2025-08-12T15:30:48+00:00\",\"breadcrumb\":{\"@id\":\"https:\/\/www.couleuryoga.fr\/index.php\/quels-bienfaits-chez-les-enfants\/#breadcrumb\"},\"inLanguage\":\"fr-FR\",\"potentialAction\":[{\"@type\":\"ReadAction\",\"target\":[\"https:\/\/www.couleuryoga.fr\/index.php\/quels-bienfaits-chez-les-enfants\/\"]}]},{\"@type\":\"BreadcrumbList\",\"@id\":\"https:\/\/www.couleuryoga.fr\/index.php\/quels-bienfaits-chez-les-enfants\/#breadcrumb\",\"itemListElement\":[{\"@type\":\"ListItem\",\"position\":1,\"name\":\"Accueil\",\"item\":\"https:\/\/www.couleuryoga.fr\/\"},{\"@type\":\"ListItem\",\"position\":2,\"name\":\"Quels bienfaits chez les enfants ?\"}]},{\"@type\":\"WebSite\",\"@id\":\"https:\/\/www.couleuryoga.fr\/#website\",\"url\":\"https:\/\/www.couleuryoga.fr\/\",\"name\":\"Couleur yoga\",\"description\":\"\",\"potentialAction\":[{\"@type\":\"SearchAction\",\"target\":{\"@type\":\"EntryPoint\",\"urlTemplate\":\"https:\/\/www.couleuryoga.fr\/?s={search_term_string}\"},\"query-input\":\"required name=search_term_string\"}],\"inLanguage\":\"fr-FR\"}]}<\/script>\n<!-- \/ Yoast SEO plugin. -->","yoast_head_json":{"title":"Quels bienfaits chez les enfants ? - Couleur yoga","robots":{"index":"index","follow":"follow","max-snippet":"max-snippet:-1","max-image-preview":"max-image-preview:large","max-video-preview":"max-video-preview:-1"},"canonical":"https:\/\/www.couleuryoga.fr\/index.php\/quels-bienfaits-chez-les-enfants\/","og_locale":"fr_FR","og_type":"article","og_title":"Quels bienfaits chez les enfants ? - Couleur yoga","og_description":"Quels bienfaits chez les enfants ? Quels bienfaits chez les enfants ? D\u00e9veloppement physique :\u00a0le yoga aide \u00e0 am\u00e9liorer la force, la flexibilit\u00e9 et l\u2019\u00e9quilibre. Am\u00e9lioration de la concentration : les exercices de respiration et de relaxation aident\u00a0 \u00e0 se centrer. Gestion des \u00e9motions : le yoga offre des outils pour aider les enfants \u00e0 &hellip; Quels bienfaits chez les enfants ? Lire la suite\u00a0\u00bb","og_url":"https:\/\/www.couleuryoga.fr\/index.php\/quels-bienfaits-chez-les-enfants\/","og_site_name":"Couleur yoga","article_modified_time":"2025-08-12T15:30:48+00:00","twitter_card":"summary_large_image","twitter_misc":{"Dur\u00e9e de lecture estim\u00e9e":"1 minute"},"schema":{"@context":"https:\/\/schema.org","@graph":[{"@type":"WebPage","@id":"https:\/\/www.couleuryoga.fr\/index.php\/quels-bienfaits-chez-les-enfants\/","url":"https:\/\/www.couleuryoga.fr\/index.php\/quels-bienfaits-chez-les-enfants\/","name":"Quels bienfaits chez les enfants ? - Couleur yoga","isPartOf":{"@id":"https:\/\/www.couleuryoga.fr\/#website"},"datePublished":"2025-08-12T15:26:46+00:00","dateModified":"2025-08-12T15:30:48+00:00","breadcrumb":{"@id":"https:\/\/www.couleuryoga.fr\/index.php\/quels-bienfaits-chez-les-enfants\/#breadcrumb"},"inLanguage":"fr-FR","potentialAction":[{"@type":"ReadAction","target":["https:\/\/www.couleuryoga.fr\/index.php\/quels-bienfaits-chez-les-enfants\/"]}]},{"@type":"BreadcrumbList","@id":"https:\/\/www.couleuryoga.fr\/index.php\/quels-bienfaits-chez-les-enfants\/#breadcrumb","itemListElement":[{"@type":"ListItem","position":1,"name":"Accueil","item":"https:\/\/www.couleuryoga.fr\/"},{"@type":"ListItem","position":2,"name":"Quels bienfaits chez les enfants ?"}]},{"@type":"WebSite","@id":"https:\/\/www.couleuryoga.fr\/#website","url":"https:\/\/www.couleuryoga.fr\/","name":"Couleur yoga","description":"","potentialAction":[{"@type":"SearchAction","target":{"@type":"EntryPoint","urlTemplate":"https:\/\/www.couleuryoga.fr\/?s={search_term_string}"},"query-input":"required name=search_term_string"}],"inLanguage":"fr-FR"}]}},"_links":{"self":[{"href":"https:\/\/www.couleuryoga.fr\/index.php\/wp-json\/wp\/v2\/pages\/2342","targetHints":{"allow":["GET"]}}],"collection":[{"href":"https:\/\/www.couleuryoga.fr\/index.php\/wp-json\/wp\/v2\/pages"}],"about":[{"href":"https:\/\/www.couleuryoga.fr\/index.php\/wp-json\/wp\/v2\/types\/page"}],"author":[{"embeddable":true,"href":"https:\/\/www.couleuryoga.fr\/index.php\/wp-json\/wp\/v2\/users\/1"}],"replies":[{"embeddable":true,"href":"https:\/\/www.couleuryoga.fr\/index.php\/wp-json\/wp\/v2\/comments?post=2342"}],"version-history":[{"count":4,"href":"https:\/\/www.couleuryoga.fr\/index.php\/wp-json\/wp\/v2\/pages\/2342\/revisions"}],"predecessor-version":[{"id":2358,"href":"https:\/\/www.couleuryoga.fr\/index.php\/wp-json\/wp\/v2\/pages\/2342\/revisions\/2358"}],"wp:attachment":[{"href":"https:\/\/www.couleuryoga.fr\/index.php\/wp-json\/wp\/v2\/media?parent=2342"}],"curies":[{"name":"wp","href":"https:\/\/api.w.org\/{rel}","templated":true}]}}