{"id":2340,"date":"2025-08-12T17:26:20","date_gmt":"2025-08-12T15:26:20","guid":{"rendered":"https:\/\/www.couleuryoga.fr\/?page_id=2340"},"modified":"2025-08-13T14:40:43","modified_gmt":"2025-08-13T12:40:43","slug":"et-pourquoi-pas","status":"publish","type":"page","link":"https:\/\/www.couleuryoga.fr\/index.php\/et-pourquoi-pas\/","title":{"rendered":"Et pourquoi pas ?"},"content":{"rendered":"\t\t<div data-elementor-type=\"wp-page\" data-elementor-id=\"2340\" class=\"elementor elementor-2340\">\n\t\t\t\t\t\t\t\t\t<section class=\"elementor-section elementor-top-section elementor-element elementor-element-60e1573 elementor-section-boxed elementor-section-height-default elementor-section-height-default\" data-id=\"60e1573\" data-element_type=\"section\">\n\t\t\t\t\t\t<div class=\"elementor-container elementor-column-gap-default\">\n\t\t\t\t\t<div class=\"elementor-column elementor-col-100 elementor-top-column elementor-element elementor-element-882d49c\" data-id=\"882d49c\" data-element_type=\"column\">\n\t\t\t<div class=\"elementor-widget-wrap elementor-element-populated\">\n\t\t\t\t\t\t\t\t<div class=\"elementor-element elementor-element-91b2566 elementor-widget elementor-widget-qi_addons_for_elementor_animated_text\" data-id=\"91b2566\" data-element_type=\"widget\" data-widget_type=\"qi_addons_for_elementor_animated_text.default\">\n\t\t\t\t<div class=\"elementor-widget-container\">\n\t\t\t<div class=\"qodef-shortcode qodef-m  qodef-qi-animated-text qodef--animated-by-letter qodef--alignment-center qodef-qi--has-appear qodef--appear-fade\" >\n\t\t<h2 class=\"qodef-m-title\">\n\t\t<span class=\"qodef-e-word-holder\">Et<\/span> <span class=\"qodef-e-word-holder\">pourquoi<\/span> <span class=\"qodef-e-word-holder\">pas<\/span>\t<\/h2>\n<\/div>\n\t\t<\/div>\n\t\t\t\t<\/div>\n\t\t\t\t<div class=\"elementor-element elementor-element-8cfe53c elementor-widget elementor-widget-text-editor\" data-id=\"8cfe53c\" data-element_type=\"widget\" data-widget_type=\"text-editor.default\">\n\t\t\t\t<div class=\"elementor-widget-container\">\n\t\t\t<style>\/*! elementor - v3.18.0 - 20-12-2023 *\/\n.elementor-widget-text-editor.elementor-drop-cap-view-stacked .elementor-drop-cap{background-color:#69727d;color:#fff}.elementor-widget-text-editor.elementor-drop-cap-view-framed .elementor-drop-cap{color:#69727d;border:3px solid;background-color:transparent}.elementor-widget-text-editor:not(.elementor-drop-cap-view-default) .elementor-drop-cap{margin-top:8px}.elementor-widget-text-editor:not(.elementor-drop-cap-view-default) .elementor-drop-cap-letter{width:1em;height:1em}.elementor-widget-text-editor .elementor-drop-cap{float:left;text-align:center;line-height:1;font-size:50px}.elementor-widget-text-editor .elementor-drop-cap-letter{display:inline-block}<\/style>\t\t\t\t<div data-testid=\"richTextElement\">\u00a0<\/div><div id=\"comp-kox1j3fh\" class=\"HcOXKn SxM0TO QxJLC3 lq2cno YQcXTT comp-kox1j3fh wixui-rich-text\" data-testid=\"richTextElement\"><p class=\"font_7 wixui-rich-text__text\"><em><strong><span class=\"wixui-rich-text__text\">Et pourquoi pas<\/span><\/strong><\/em><\/p><p class=\"font_7 wixui-rich-text__text\"><span class=\"wixui-rich-text__text\">La pratique du yoga , <strong>par une approche ludique et cr\u00e9ative,<\/strong>\u00a0 permet de\u00a0 vivre des pratiques qui favorisent l&rsquo;\u00e9panouissement corporel et psychique de l&rsquo;enfant, le d\u00e9veloppement de leur imagination et entraine une meilleure communication avec lui m\u00eame et le groupe.<\/span><\/p><p>Ainsi l<span class=\"wixui-rich-text__text\">e yoga offre un espace \u00e0 l&rsquo;enfant pour se lib\u00e9rer des conflits et des tensions g\u00e9n\u00e9r\u00e9es par un trop pleins d&rsquo;informations et de stimulations de son environnement.<\/span><\/p><\/div>\t\t\t\t\t\t<\/div>\n\t\t\t\t<\/div>\n\t\t\t\t\t<\/div>\n\t\t<\/div>\n\t\t\t\t\t\t\t<\/div>\n\t\t<\/section>\n\t\t\t\t\t\t\t<\/div>\n\t\t","protected":false},"excerpt":{"rendered":"<p>Et pourquoi pas \u00a0 Et pourquoi pas La pratique du yoga , par une approche ludique et cr\u00e9ative,\u00a0 permet de\u00a0 vivre des pratiques qui favorisent l&rsquo;\u00e9panouissement corporel et psychique de l&rsquo;enfant, le d\u00e9veloppement de leur imagination et entraine une meilleure communication avec lui m\u00eame et le groupe. Ainsi le yoga offre un espace \u00e0 l&rsquo;enfant &hellip;<\/p>\n<p class=\"read-more\"> <a class=\"\" href=\"https:\/\/www.couleuryoga.fr\/index.php\/et-pourquoi-pas\/\"> <span class=\"screen-reader-text\">Et pourquoi pas ?<\/span> Lire la suite\u00a0\u00bb<\/a><\/p>\n","protected":false},"author":1,"featured_media":0,"parent":0,"menu_order":0,"comment_status":"closed","ping_status":"closed","template":"","meta":{"site-sidebar-layout":"no-sidebar","site-content-layout":"","ast-site-content-layout":"full-width-container","site-content-style":"default","site-sidebar-style":"default","ast-global-header-display":"","ast-banner-title-visibility":"","ast-main-header-display":"","ast-hfb-above-header-display":"","ast-hfb-below-header-display":"","ast-hfb-mobile-header-display":"","site-post-title":"disabled","ast-breadcrumbs-content":"","ast-featured-img":"disabled","footer-sml-layout":"","theme-transparent-header-meta":"","adv-header-id-meta":"","stick-header-meta":"","header-above-stick-meta":"","header-main-stick-meta":"","header-below-stick-meta":"","astra-migrate-meta-layouts":"","ast-page-background-enabled":"default","ast-page-background-meta":{"desktop":{"background-color":"var(--ast-global-color-4)","background-image":"","background-repeat":"repeat","background-position":"center center","background-size":"auto","background-attachment":"scroll","background-type":"","background-media":"","overlay-type":"","overlay-color":"","overlay-gradient":""},"tablet":{"background-color":"","background-image":"","background-repeat":"repeat","background-position":"center center","background-size":"auto","background-attachment":"scroll","background-type":"","background-media":"","overlay-type":"","overlay-color":"","overlay-gradient":""},"mobile":{"background-color":"","background-image":"","background-repeat":"repeat","background-position":"center center","background-size":"auto","background-attachment":"scroll","background-type":"","background-media":"","overlay-type":"","overlay-color":"","overlay-gradient":""}},"ast-content-background-meta":{"desktop":{"background-color":"var(--ast-global-color-5)","background-image":"","background-repeat":"repeat","background-position":"center center","background-size":"auto","background-attachment":"scroll","background-type":"","background-media":"","overlay-type":"","overlay-color":"","overlay-gradient":""},"tablet":{"background-color":"var(--ast-global-color-5)","background-image":"","background-repeat":"repeat","background-position":"center center","background-size":"auto","background-attachment":"scroll","background-type":"","background-media":"","overlay-type":"","overlay-color":"","overlay-gradient":""},"mobile":{"background-color":"var(--ast-global-color-5)","background-image":"","background-repeat":"repeat","background-position":"center center","background-size":"auto","background-attachment":"scroll","background-type":"","background-media":"","overlay-type":"","overlay-color":"","overlay-gradient":""}},"footnotes":""},"class_list":["post-2340","page","type-page","status-publish","hentry"],"yoast_head":"<!-- This site is optimized with the Yoast SEO plugin v21.7 - https:\/\/yoast.com\/wordpress\/plugins\/seo\/ -->\n<title>Et pourquoi pas ? - Couleur yoga<\/title>\n<meta name=\"robots\" content=\"index, follow, max-snippet:-1, max-image-preview:large, max-video-preview:-1\" \/>\n<link rel=\"canonical\" href=\"https:\/\/www.couleuryoga.fr\/index.php\/et-pourquoi-pas\/\" \/>\n<meta property=\"og:locale\" content=\"fr_FR\" \/>\n<meta property=\"og:type\" content=\"article\" \/>\n<meta property=\"og:title\" content=\"Et pourquoi pas ? - Couleur yoga\" \/>\n<meta property=\"og:description\" content=\"Et pourquoi pas \u00a0 Et pourquoi pas La pratique du yoga , par une approche ludique et cr\u00e9ative,\u00a0 permet de\u00a0 vivre des pratiques qui favorisent l&rsquo;\u00e9panouissement corporel et psychique de l&rsquo;enfant, le d\u00e9veloppement de leur imagination et entraine une meilleure communication avec lui m\u00eame et le groupe. Ainsi le yoga offre un espace \u00e0 l&rsquo;enfant &hellip; Et pourquoi pas ? Lire la suite\u00a0\u00bb\" \/>\n<meta property=\"og:url\" content=\"https:\/\/www.couleuryoga.fr\/index.php\/et-pourquoi-pas\/\" \/>\n<meta property=\"og:site_name\" content=\"Couleur yoga\" \/>\n<meta property=\"article:modified_time\" content=\"2025-08-13T12:40:43+00:00\" \/>\n<meta name=\"twitter:card\" content=\"summary_large_image\" \/>\n<meta name=\"twitter:label1\" content=\"Dur\u00e9e de lecture estim\u00e9e\" \/>\n\t<meta name=\"twitter:data1\" content=\"1 minute\" \/>\n<script type=\"application\/ld+json\" class=\"yoast-schema-graph\">{\"@context\":\"https:\/\/schema.org\",\"@graph\":[{\"@type\":\"WebPage\",\"@id\":\"https:\/\/www.couleuryoga.fr\/index.php\/et-pourquoi-pas\/\",\"url\":\"https:\/\/www.couleuryoga.fr\/index.php\/et-pourquoi-pas\/\",\"name\":\"Et pourquoi pas ? - Couleur yoga\",\"isPartOf\":{\"@id\":\"https:\/\/www.couleuryoga.fr\/#website\"},\"datePublished\":\"2025-08-12T15:26:20+00:00\",\"dateModified\":\"2025-08-13T12:40:43+00:00\",\"breadcrumb\":{\"@id\":\"https:\/\/www.couleuryoga.fr\/index.php\/et-pourquoi-pas\/#breadcrumb\"},\"inLanguage\":\"fr-FR\",\"potentialAction\":[{\"@type\":\"ReadAction\",\"target\":[\"https:\/\/www.couleuryoga.fr\/index.php\/et-pourquoi-pas\/\"]}]},{\"@type\":\"BreadcrumbList\",\"@id\":\"https:\/\/www.couleuryoga.fr\/index.php\/et-pourquoi-pas\/#breadcrumb\",\"itemListElement\":[{\"@type\":\"ListItem\",\"position\":1,\"name\":\"Accueil\",\"item\":\"https:\/\/www.couleuryoga.fr\/\"},{\"@type\":\"ListItem\",\"position\":2,\"name\":\"Et pourquoi pas ?\"}]},{\"@type\":\"WebSite\",\"@id\":\"https:\/\/www.couleuryoga.fr\/#website\",\"url\":\"https:\/\/www.couleuryoga.fr\/\",\"name\":\"Couleur yoga\",\"description\":\"\",\"potentialAction\":[{\"@type\":\"SearchAction\",\"target\":{\"@type\":\"EntryPoint\",\"urlTemplate\":\"https:\/\/www.couleuryoga.fr\/?s={search_term_string}\"},\"query-input\":\"required name=search_term_string\"}],\"inLanguage\":\"fr-FR\"}]}<\/script>\n<!-- \/ Yoast SEO plugin. -->","yoast_head_json":{"title":"Et pourquoi pas ? - Couleur yoga","robots":{"index":"index","follow":"follow","max-snippet":"max-snippet:-1","max-image-preview":"max-image-preview:large","max-video-preview":"max-video-preview:-1"},"canonical":"https:\/\/www.couleuryoga.fr\/index.php\/et-pourquoi-pas\/","og_locale":"fr_FR","og_type":"article","og_title":"Et pourquoi pas ? - Couleur yoga","og_description":"Et pourquoi pas \u00a0 Et pourquoi pas La pratique du yoga , par une approche ludique et cr\u00e9ative,\u00a0 permet de\u00a0 vivre des pratiques qui favorisent l&rsquo;\u00e9panouissement corporel et psychique de l&rsquo;enfant, le d\u00e9veloppement de leur imagination et entraine une meilleure communication avec lui m\u00eame et le groupe. Ainsi le yoga offre un espace \u00e0 l&rsquo;enfant &hellip; Et pourquoi pas ? Lire la suite\u00a0\u00bb","og_url":"https:\/\/www.couleuryoga.fr\/index.php\/et-pourquoi-pas\/","og_site_name":"Couleur yoga","article_modified_time":"2025-08-13T12:40:43+00:00","twitter_card":"summary_large_image","twitter_misc":{"Dur\u00e9e de lecture estim\u00e9e":"1 minute"},"schema":{"@context":"https:\/\/schema.org","@graph":[{"@type":"WebPage","@id":"https:\/\/www.couleuryoga.fr\/index.php\/et-pourquoi-pas\/","url":"https:\/\/www.couleuryoga.fr\/index.php\/et-pourquoi-pas\/","name":"Et pourquoi pas ? - Couleur yoga","isPartOf":{"@id":"https:\/\/www.couleuryoga.fr\/#website"},"datePublished":"2025-08-12T15:26:20+00:00","dateModified":"2025-08-13T12:40:43+00:00","breadcrumb":{"@id":"https:\/\/www.couleuryoga.fr\/index.php\/et-pourquoi-pas\/#breadcrumb"},"inLanguage":"fr-FR","potentialAction":[{"@type":"ReadAction","target":["https:\/\/www.couleuryoga.fr\/index.php\/et-pourquoi-pas\/"]}]},{"@type":"BreadcrumbList","@id":"https:\/\/www.couleuryoga.fr\/index.php\/et-pourquoi-pas\/#breadcrumb","itemListElement":[{"@type":"ListItem","position":1,"name":"Accueil","item":"https:\/\/www.couleuryoga.fr\/"},{"@type":"ListItem","position":2,"name":"Et pourquoi pas ?"}]},{"@type":"WebSite","@id":"https:\/\/www.couleuryoga.fr\/#website","url":"https:\/\/www.couleuryoga.fr\/","name":"Couleur yoga","description":"","potentialAction":[{"@type":"SearchAction","target":{"@type":"EntryPoint","urlTemplate":"https:\/\/www.couleuryoga.fr\/?s={search_term_string}"},"query-input":"required name=search_term_string"}],"inLanguage":"fr-FR"}]}},"_links":{"self":[{"href":"https:\/\/www.couleuryoga.fr\/index.php\/wp-json\/wp\/v2\/pages\/2340","targetHints":{"allow":["GET"]}}],"collection":[{"href":"https:\/\/www.couleuryoga.fr\/index.php\/wp-json\/wp\/v2\/pages"}],"about":[{"href":"https:\/\/www.couleuryoga.fr\/index.php\/wp-json\/wp\/v2\/types\/page"}],"author":[{"embeddable":true,"href":"https:\/\/www.couleuryoga.fr\/index.php\/wp-json\/wp\/v2\/users\/1"}],"replies":[{"embeddable":true,"href":"https:\/\/www.couleuryoga.fr\/index.php\/wp-json\/wp\/v2\/comments?post=2340"}],"version-history":[{"count":8,"href":"https:\/\/www.couleuryoga.fr\/index.php\/wp-json\/wp\/v2\/pages\/2340\/revisions"}],"predecessor-version":[{"id":2399,"href":"https:\/\/www.couleuryoga.fr\/index.php\/wp-json\/wp\/v2\/pages\/2340\/revisions\/2399"}],"wp:attachment":[{"href":"https:\/\/www.couleuryoga.fr\/index.php\/wp-json\/wp\/v2\/media?parent=2340"}],"curies":[{"name":"wp","href":"https:\/\/api.w.org\/{rel}","templated":true}]}}

<div data-elementor-type="wp-page" data-elementor-id="2340" class="elementor elementor-2340">
									<section class="elementor-section elementor-top-section elementor-element elementor-element-60e1573 elementor-section-boxed elementor-section-height-default elementor-section-height-default" data-id="60e1573" data-element_type="section">
						<div class="elementor-container elementor-column-gap-default">
					<div class="elementor-column elementor-col-100 elementor-top-column elementor-element elementor-element-882d49c" data-id="882d49c" data-element_type="column">
			<div class="elementor-widget-wrap elementor-element-populated">
								<div class="elementor-element elementor-element-91b2566 elementor-widget elementor-widget-qi_addons_for_elementor_animated_text" data-id="91b2566" data-element_type="widget" data-widget_type="qi_addons_for_elementor_animated_text.default">
				<div class="elementor-widget-container">
			<div class="qodef-shortcode qodef-m  qodef-qi-animated-text qodef--animated-by-letter qodef--alignment-center qodef-qi--has-appear qodef--appear-fade" >
		<h2 class="qodef-m-title">
		<span class="qodef-e-word-holder">Et</span> <span class="qodef-e-word-holder">pourquoi</span> <span class="qodef-e-word-holder">pas</span>	</h2>
</div>
		</div>
				</div>
				<div class="elementor-element elementor-element-8cfe53c elementor-widget elementor-widget-text-editor" data-id="8cfe53c" data-element_type="widget" data-widget_type="text-editor.default">
				<div class="elementor-widget-container">
			<style>/*! elementor - v3.18.0 - 20-12-2023 */
.elementor-widget-text-editor.elementor-drop-cap-view-stacked .elementor-drop-cap{background-color:#69727d;color:#fff}.elementor-widget-text-editor.elementor-drop-cap-view-framed .elementor-drop-cap{color:#69727d;border:3px solid;background-color:transparent}.elementor-widget-text-editor:not(.elementor-drop-cap-view-default) .elementor-drop-cap{margin-top:8px}.elementor-widget-text-editor:not(.elementor-drop-cap-view-default) .elementor-drop-cap-letter{width:1em;height:1em}.elementor-widget-text-editor .elementor-drop-cap{float:left;text-align:center;line-height:1;font-size:50px}.elementor-widget-text-editor .elementor-drop-cap-letter{display:inline-block}</style>				<div data-testid="richTextElement"> </div><div id="comp-kox1j3fh" class="HcOXKn SxM0TO QxJLC3 lq2cno YQcXTT comp-kox1j3fh wixui-rich-text" data-testid="richTextElement"><p class="font_7 wixui-rich-text__text"><em><strong><span class="wixui-rich-text__text">Et pourquoi pas</span></strong></em></p><p class="font_7 wixui-rich-text__text"><span class="wixui-rich-text__text">La pratique du yoga , <strong>par une approche ludique et créative,</strong>  permet de  vivre des pratiques qui favorisent l&rsquo;épanouissement corporel et psychique de l&rsquo;enfant, le développement de leur imagination et entraine une meilleure communication avec lui même et le groupe.</span></p><p>Ainsi l<span class="wixui-rich-text__text">e yoga offre un espace à l&rsquo;enfant pour se libérer des conflits et des tensions générées par un trop pleins d&rsquo;informations et de stimulations de son environnement.</span></p></div>						</div>
				</div>
					</div>
		</div>
							</div>
		</section>
							</div>

<p>Et pourquoi pas   Et pourquoi pas La pratique du yoga , par une approche ludique et créative,  permet de  vivre des pratiques qui favorisent l&rsquo;épanouissement corporel et psychique de l&rsquo;enfant, le développement de leur imagination et entraine une meilleure communication avec lui même et le groupe. Ainsi le yoga offre un espace à l&rsquo;enfant &hellip;</p>
<p class="read-more"> <a class="" href="https://www.couleuryoga.fr/index.php/et-pourquoi-pas/"> <span class="screen-reader-text">Et pourquoi pas ?</span> Lire la suite »</a></p>

<!-- This site is optimized with the Yoast SEO plugin v21.7 - https://yoast.com/wordpress/plugins/seo/ -->
<title>Et pourquoi pas ? - Couleur yoga</title>
<meta name="robots" content="index, follow, max-snippet:-1, max-image-preview:large, max-video-preview:-1" />
<link rel="canonical" href="https://www.couleuryoga.fr/index.php/et-pourquoi-pas/" />
<meta property="og:locale" content="fr_FR" />
<meta property="og:type" content="article" />
<meta property="og:title" content="Et pourquoi pas ? - Couleur yoga" />
<meta property="og:description" content="Et pourquoi pas   Et pourquoi pas La pratique du yoga , par une approche ludique et créative,  permet de  vivre des pratiques qui favorisent l&rsquo;épanouissement corporel et psychique de l&rsquo;enfant, le développement de leur imagination et entraine une meilleure communication avec lui même et le groupe. Ainsi le yoga offre un espace à l&rsquo;enfant &hellip; Et pourquoi pas ? Lire la suite »" />
<meta property="og:url" content="https://www.couleuryoga.fr/index.php/et-pourquoi-pas/" />
<meta property="og:site_name" content="Couleur yoga" />
<meta property="article:modified_time" content="2025-08-13T12:40:43+00:00" />
<meta name="twitter:card" content="summary_large_image" />
<meta name="twitter:label1" content="Durée de lecture estimée" />
	<meta name="twitter:data1" content="1 minute" />
<script type="application/ld+json" class="yoast-schema-graph">{"@context":"https://schema.org","@graph":[{"@type":"WebPage","@id":"https://www.couleuryoga.fr/index.php/et-pourquoi-pas/","url":"https://www.couleuryoga.fr/index.php/et-pourquoi-pas/","name":"Et pourquoi pas ? - Couleur yoga","isPartOf":{"@id":"https://www.couleuryoga.fr/#website"},"datePublished":"2025-08-12T15:26:20+00:00","dateModified":"2025-08-13T12:40:43+00:00","breadcrumb":{"@id":"https://www.couleuryoga.fr/index.php/et-pourquoi-pas/#breadcrumb"},"inLanguage":"fr-FR","potentialAction":[{"@type":"ReadAction","target":["https://www.couleuryoga.fr/index.php/et-pourquoi-pas/"]}]},{"@type":"BreadcrumbList","@id":"https://www.couleuryoga.fr/index.php/et-pourquoi-pas/#breadcrumb","itemListElement":[{"@type":"ListItem","position":1,"name":"Accueil","item":"https://www.couleuryoga.fr/"},{"@type":"ListItem","position":2,"name":"Et pourquoi pas ?"}]},{"@type":"WebSite","@id":"https://www.couleuryoga.fr/#website","url":"https://www.couleuryoga.fr/","name":"Couleur yoga","description":"","potentialAction":[{"@type":"SearchAction","target":{"@type":"EntryPoint","urlTemplate":"https://www.couleuryoga.fr/?s={search_term_string}"},"query-input":"required name=search_term_string"}],"inLanguage":"fr-FR"}]}</script>
<!-- / Yoast SEO plugin. -->

Et pourquoi pas   Et pourquoi pas La pratique du yoga , par une approche ludique et créative,  permet de  vivre des pratiques qui favorisent l&rsquo;épanouissement corporel et psychique de l&rsquo;enfant, le développement de leur imagination et entraine une meilleure communication avec lui même et le groupe. Ainsi le yoga offre un espace à l&rsquo;enfant &hellip; Et pourquoi pas ? Lire la suite »
